s divided by 8.
6
Suppose 12*a - 91 = 113. What is the remainder when 168 is divided by a?
15
Let h(f) be the third derivative of -f**4/24 + 17*f**3/6 + f**2. What is the remainder when (-346)/(-10) - (-2)/5 is divided by h(8)?
8
Calculate the remainder when -1 - 0 - 3 - (155 - 250) is divided by 28.
7
Let f(l) = 4*l**2 - 15*l - 3. Let t(k) = -k**2 + k + 1. Let v(a) = f(a) + 5*t(a). Calculate the remainder when 107 is divided by v(-5).
26
Calculate the remainder when (-580)/(-16) - 9/(-12) is divided by (18/(-12))/((-6)/12) + 2.
2
Let x(k) = 2 + 3*k**2 + 31*k**2 + 12*k**2 - 5 + 2*k. Calculate the remainder when x(1) is divided by 23.
22
Calculate the remainder when 231 is divided by (-238)/18 + 13 + (-119)/(-9).
10
Let l = 1669 + -1633. Calculate the remainder when 501 is divided by l.
33
Let x(j) be the third derivative of -j**6/120 + j**5/60 + 4*j**3/3 - 2*j**2. Let f be x(0). Let w = -7 + f. Calculate the remainder when 3 is divided by w.
0
Suppose 2*i - 4 = -5*g, 9*g - 19 = 4*g + 3*i. Calculate the remainder when 11 + -7 + 36/2 is divided by g/5 + (-56)/(-10).
4
Let n = -40 + 56. What is the remainder when n is divided by ((-4320)/(-900))/(8/10)?
4
Suppose -d = 3*d - 20. Suppose -5*t - d*k - 195 = 0, 0 = -t + 4*k - 4 - 10. Calculate the remainder when (-1)/((-2)/t)*-1 is divided by 5.
2
Let g(t) be the first derivative of -7 + 4*t + 5/2*t**2 - 1/3*t**3. Calculate the remainder when 13 is divided by g(5).
1
Let z = 993 - 987. Let s(h) = -3*h**3 - h**2 - h + 1. Let t = -2 - 0. Calculate the remainder when s(t) is divided by z.
5
Let c(q) = q**3 + 10*q**2 + 9*q + 2. Let l be c(-6). Suppose -4*b = -96 - l. Suppose -136*o = -279*o + 2288. What is the remainder when b is divided by o?
15
Suppose -2*n = 7*n - 126. Calculate the remainder when n is divided by (-1)/3 - 150/(-18).
6
Let v(m) = 6*m - 17. Let s be v(3). Suppose -5*y + h + 105 = -y, y - 24 = -2*h. What is the remainder when -2 - (1/s + -53 + 0) is divided by y?
24
Let h = -3 + 10. What is the remainder when (-1)/((-9)/18)*26/4 is divided by h?
6
Let q(v) = -25*v**2 - v - 5. Let a(f) = -24*f**2 - f - 4. Let n(h) = -4*a(h) + 3*q(h). Calculate the remainder when 59 is divided by n(-1).
17
Suppose 24*g - 272 = 8*g. Calculate the remainder when 169 is divided by g.
16
Suppose -n - 7 = -33. Let t = -33 - -110. Calculate the remainder when t is divided by n.
25
Let f(y) = 3*y**2 + 30*y + 5. Let k be f(-10). Suppose 41 = 5*n + 4*s, 4*n - n = k*s + 32. Let o = -5 - -10. Calculate the remainder when n is divided by o.
4
Let t(z) = z**3 + 7*z**2 - 9*z - 5. Let q = 1549 - 1548. What is the remainder when t(-8) is divided by q?
0
Let t = -26 - -24. Calculate the remainder when 24 is divided by t/(-7) - (-122)/14.
6
Suppose 0 = -5*d + 4*d - 3. Let t = 7 - d. Suppose -3*g + 119 = x, -4*x + 52 = -5*g + 239. Calculate the remainder when g is divided by t.
9
What is the remainder when (-98)/4*(-5 + 91/(-49)) is divided by 29?
23
Suppose -3*u - 7 = -b, -4*u = b - 15 - 6. Let n(f) = -18*f - 32. Let x be n(-5). Let l = x - 50. Calculate the remainder when b is divided by l.
5
Suppose 4*t + 81 = s, 9 = -t + s - 9. Let f = t - -31. Calculate the remainder when (1/3)/(2/222) is divided by f.
7
Let l = 81 + 18. Calculate the remainder when l/3 - (2 - 5) is divided by 11.
3
Suppose -3*l - 118 = -604. What is the remainder when l is divided by 43?
33
Calculate the remainder when 16/28 - (-384)/14 is divided by 18.
10
Suppose 7*d - 475 = -18*d. What is the remainder when 48 is divided by d?
10
Let z(x) = x**3 + 7*x**2 - 14*x - 16. What is the remainder when 799 is divided by z(-8)?
31
Suppose 0 = -2*x + 4*z + 56, 140 = 4*x + x - z. Let f(i) = 15*i**2 + 2*i - 2. Let t = 20 - 19. Calculate the remainder when x is divided by f(t).
13
What is the remainder when (-18 + 0)/(512/88 - 6) is divided by 25*1 + (-1 - -1)?
24
Let q(i) = 86*i**3 - 2*i + 1. Let d be q(1). Suppose -5*z = -5*h - 90, -3*z = 2*z - 4*h - d. What is the remainder when 45 is divided by z?
6
Suppose -3*r = -4*x + 22 + 187, -4*r + 188 = 4*x. What is the remainder when 797 is divided by x?
47
Suppose -1471 = -28*k + 2393. Calculate the remainder when 143 is divided by k.
5
Suppose 2 = -3*j + 8. Calculate the remainder when (1*(-1 - -23))/j is divided by 26/8 + (-1)/4.
2
Let t(d) = d**3 - 6*d**2 - 6*d + 6. Calculate the remainder when t(7) is divided by ((-112)/6)/(-7)*3.
5
Suppose 0 = 14*o - 3*o - 55. Suppose -a + 151 = o*t, 0 = -2*a - t + 46 + 247. What is the remainder when a is divided by 30?
26
Suppose -y = 5*w - 73, -2*w + 76 = 5*y - 4*y. Calculate the remainder when y is divided by 36.
6
Let j = -5 - -23. Let i be 20/6 + (-6)/j. Suppose i*l - 9 = 3. What is the remainder when l is divided by 2?
0
Suppose 5*h - 2 - 53 = 0. Calculate the remainder when h is divided by ((-70)/21)/((-4)/3) + 25/10.
1
Let q be 1 + (-3)/9*-3. Let w be 131/q*1*2. Suppose 4*h = -v + w + 54, 4*v = 3*h - 153. Calculate the remainder when h is divided by 12.
11
Suppose 175 = -144*z + 151*z. Calculate the remainder when 523 is divided by z.
23
Let a = 317 - 218. What is the remainder when a is divided by 17?
14
Suppose -r = t - 41, 149 = 4*t - 4*r - 55. Let b be (-4)/22 - t/(-11). Suppose -b*n - 11 + 135 = 0. What is the remainder when n is divided by 11?
9
Let q(a) = -5*a**2 - 12*a + 12 - 18*a**3 + 19*a**3 - 7*a**2. Let t = 24 + -11. Calculate the remainder when q(t) is divided by 7.
4
Let d be 11/2 - (-2)/(-4). Let c(w) = -15*w**2 + 44*w**2 - 3*w - 4 - 28*w**2. What is the remainder when c(d) is divided by 3?
0
Let g = -4 - -4. Suppose -128 = -2*v - g*v + b, -5*v - 5*b = -335. Let s = 115 - v. What is the remainder when s is divided by 13?
11
Let z(n) = 2*n - 6. Let h be z(5). Suppose -h*b - 33 = -7*b. Let o = -10708 - -10714. What is the remainder when b is divided by o?
5
Let u(q) = 9 - 4 + q**3 + 7*q - q**3 - 8*q**2 - q**3. Suppose 0 = 2*y - w - 21, 0 = -4*y - 3*w + 4 + 13. Calculate the remainder when u(-9) is divided by y.
7
Suppose 455 = 50*c - 43*c. Suppose -2*s - 2*s = -28. Suppose -4 = -t, -3 = p + 2*t - s*t. Calculate the remainder when c is divided by p.
14
Let h(d) = 3*d**2 + 4*d + 4. Let g be (1 - (-10)/(-4))*240/90. Calculate the remainder when h(-3) is divided by -5*(-6 - 12/g - -1).
9
Let l = 2004 - 1863. What is the remainder when 1125 is divided by l?
138
Let o(n) = -17*n - 1. Suppose 7 = -10*u + 11*u. Suppose -u + 1 = -y. Calculate the remainder when o(-1) is divided by y.
4
Suppose -18*x = -20*x + 60. What is the remainder when 173 is divided by x?
23
Calculate the remainder when 30 is divided by (5/20)/1 - 62/(-8).
6
Let p(d) = 2*d - 2. Let b be p(2). Suppose 50 - 4 = b*z - 2*q, -70 = -2*z - 4*q. Suppose -z*l = -31*l + 16. What is the remainder when 4 is divided by l?
0
Let v be 5/(-10)*(31 + -1). What is the remainder when 29 is divided by (v - 1)*(-1)/2?
5
Let u(x) = -8*x + 3. Let g be u(-3). Suppose -3*k + 3*a = 8*a - 29, a + 5 = 0. Let o = g - k. Calculate the remainder when o is divided by 4.
1
Suppose -8*g + 3*g + 455 = 5*o, 4 = -o. Suppose 2*x - 38 = 10. Calculate the remainder when g is divided by x.
23
Suppose 40*z = 45*z - 400. Suppose -3*a = -2*a - 27. Calculate the remainder when z is divided by (-2)/((4/a)/(-2)).
26
Let y = 1498 - -340. What is the remainder when y is divided by 92?
90
What is the remainder when 44 is divided by (1161/12)/3 + 75/100?
11
Suppose -3*o = -5*s + 15, s - 4*o - 12 = -3*s. Suppose -s*z = -12*z + 99. What is the remainder when z is divided by 4?
3
Suppose -12 = -4*k - 2*r, -4*k - 2*r + 15 = k. Suppose 2*t - 2 = 0, -2*u + 3*t = -u - 10. Calculate the remainder when u is divided by -28*((-52)/16 + k).
6
Let p(c) = -74*c - 67. What is the remainder when p(-6) is divided by 9?
8
Suppose 3*o + 2*o - 55 = 0. Let k(c) = 3*c**2 - 33*c + 12. What is the remainder when 22 is divided by k(o)?
10
Let h = 15 - 11. Suppose h*o + 206 = 4*a - 2*a, -4*a = -2*o - 430. Suppose 5*x - 3*q = a, -32 = -2*x - 4*q + 22. What is the remainder when x is divided by 6?
5
Let x = 400 - 228. Calculate the remainder when x is divided by 49.
25
Let i = -237 - -504. Calculate the remainder when i is divided by 54.
51
Let k be 6*1*99/(-18). What is the remainder when -2*(k/2 + -3) is divided by 10?
9
Suppose 5*v - 16*f - 4153 = -18*f, 2*v - 166